u(c)?
-4
Let f(t) = 6*t**3 + t**2 - t - 1. Let z = 9 + -9. Suppose z = 6*s - 3*s + 3. Determine f(s).
-5
Let o(f) = f - 7. Let k = -3 + 8. Let n be o(k). Let i(v) = -2*v - 5. Let c(s) = -5*s - 16. Let a(l) = 2*c(l) - 7*i(l). Calculate a(n).
-5
Let c(b) = 1 - 2 + 0*b + 8*b**2 - 7*b**2 + 2*b. Suppose -2 = -3*f + 4. Suppose -x = 5*u + 14, f*x + 0*x = 2. Determine c(u).
2
Let t = 4 + -2. Let u(c) = c**3 - 3*c**2 + c. Give u(t).
-2
Let m(a) = a**2 + 2. Let f be m(0). Let b(g) be the first derivative of 1/2*g**2 + 0*g - 4. What is b(f)?
2
Let k = -51 + 21. Let x be (4/(-6))/(4/k). Let f be -5 + x - 3/1. Let a(o) = o**3 + 2*o**2 + 1. Give a(f).
-8
Let b be (2 + 0)/(16/40). Let g(h) = 32*h - 26*h + b*h**2 + 0*h**3 + h**3. What is g(-4)?
-8
Let l = 4 + 2. Let n(v) = -8*v + l*v**2 - 13*v**2 - 6 + 2 + 5*v**2. Determine n(-5).
-14
Suppose l - 3 + 1 = 0. Let v(h) = 2*h - 6*h**2 + 2 - 3 + 3*h**l. Calculate v(2).
-9
Let l = -8 + 13. Let b(i) = -i**2 + 7*i - 4. Let t(y) = y - 1. Let v(z) = -b(z) + 2*t(z). What is v(l)?
2
Let s(t) be the second derivative of t**5/40 - t**3/2 + 3*t. Let h(p) be the second derivative of s(p). Give h(-1).
-3
Let u(x) = -5*x - 4. Let n be 3 + 5/(20/(-64)). Let t(s) = -11*s - 8. Let o(i) = n*u(i) + 6*t(i). Let d be (0/2)/(2/2). Give o(d).
4
Let w(g) = -g + 1. Suppose -3*a - 3*v = 4 + 8, -5*a - 3*v - 18 = 0. What is w(a)?
4
Let g(q) be the third derivative of 0 - 3*q**2 + 0*q + 1/12*q**4 + 1/6*q**3. Give g(-4).
-7
Let i(g) = 4*g**2 + 6*g. Let t(p) = -3*p**2 + 6*p + 8*p**2 + 3 - 2. Let d = -20 - -14. Let k(u) = d*i(u) + 5*t(u). Give k(4).
-3
Let h(p) = -p**3 + 8*p**2 - 6*p. Suppose -4*m + 0*m - 2*y + 26 = 0, -4*m - y = -27. Give h(m).
7
Let u(v) = 4*v + 1. Let w(n) = -2*n + 1. Let q(l) = 2*u(l) + 3*w(l). Let t be (1 - 14/4)*2. Give q(t).
-5
Suppose -7 = g - 2. Suppose -h = -3*w - 19, -5*h + 2*w = -0*h - 30. Let f(m) = h*m - m**2 + 4*m - 6*m - 2 - 6*m. What is f(g)?
-7
Let x be (-4)/6 + 2/3. Let o(n) = 16 - n + x*n - 17. Let j be 0 - (3 + 1 + -1). What is o(j)?
2
Let d(f) = f**2 - f + 4. Suppose -2*k - 5*o + 3 = 0, -81 = k - 5*k + 5*o. Let i = k - 11. Give d(i).
10
Suppose -3*g + 2 + 4 = 0. Let b(o) = 5*o**3 + 5*o**2 + 6*o - 7. Let f(z) = 11*z**3 + 11*z**2 + 13*z - 15. Let d(c) = 9*b(c) - 4*f(c). Give d(g).
13
Let a = -7 - -20. Suppose 4 = 3*g + 5*b, 5*g - a = 4*b + 6. Let v(f) = -f**g - f**2 - 3 + 6*f + 9 - 2*f**2. What is v(-4)?
-2
Let g(u) = 2*u**2 + u - 4*u**2 - u**2 - 4 + 2*u**2. Let o = 3 - 0. Let a = o + -3. Calculate g(a).
-4
Suppose s + 6 = -s. Let i(b) be the second derivative of b**3/6 + 2*b**2 + 18*b. What is i(s)?
1
Suppose 0*u + 3*u + 4*w = 18, -u + 5 = w. Let b(z) = -z**2 - z + 2. What is b(u)?
-4
Let p be ((-1)/2)/(2/(-4))*-1. Let j(y) = -y**3 - y**3 + 4*y**3 + y. Determine j(p).
-3
Let z(x) = -30 + 0*x - x + 37. What is z(6)?
1
Let y(x) = -9*x**2 - 7*x + 4. Let v(c) = 5*c**2 + 3*c - 2. Let n(k) = -5*v(k) - 3*y(k). Determine n(-5).
18
Let b(p) = 6 + 5 - 6*p + 0 - 4. Let g(o) = -5*o + 7. Let w(k) = 6*b(k) - 7*g(k). Give w(0).
-7
Let j = -49 + 44. Let a(n) = -2*n + 4. What is a(j)?
14
Let t = -11 - -11. Suppose 5*q - 20 = 2*c + 2*c, t = 3*c - 3*q + 15. Let h(b) = -b**3 - 4*b**2 + 6*b - 2. What is h(c)?
-7
Let w(d) = 3*d**3 + 5*d**2 + 15*d - 14. Let x(z) = z**3 + 3*z**2 + 7*z - 7. Let v(p) = -2*w(p) + 5*x(p). What is v(6)?
-13
Let y be (-1 - -1 - 3)*1. Let w(i) be the third derivative of -4*i**2 + 0*i + 1/3*i**3 + 0 + 1/24*i**4. Calculate w(y).
-1
Suppose 4*q = 21 + 3. Let v(f) = f - 9. Calculate v(q).
-3
Let z(j) = 2*j**2 + j + 1. Suppose -5*c = 0, 3*k - 5*c = 18 + 15. Let a be k/(-9) - 20/(-90). Determine z(a).
2
Let h(x) = -x**2 - 5*x - 1. Let n be -3 - 1/((-2)/(-4)). Determine h(n).
-1
Suppose -3*t + 0*t + 2*u = -3, -3*t = -4*u - 3. Let n(s) = -2 - 6*s**3 + 4 + s - s**2 - 3. Determine n(t).
-7
Let q(l) = -3*l**3 - 3*l**2 + 1. Let o(m) = -5*m**3 - 3*m**2 - 2. Let z(v) = v**2 - 1. Let d(c) = o(c) - 4*z(c). Let a(p) = -3*d(p) + 7*q(p). Determine a(1).
-5
Let m(y) = -2 - 7*y - 17*y - y**2 + 30*y. Determine m(4).
6
Let y(f) = f**2 + 2*f - 3. Suppose 4*a = -101 + 33. Let r be a/5 + 9/(-15). What is y(r)?
5
Let w = -6 + 3. Let l(t) = t**2 - 12*t + 10. Let p(d) = -4*d + 3. Let g(b) = 2*l(b) - 7*p(b). Give g(w).
5
Let d = 18 + -24. Let f(s) be the first derivative of -s**3/3 - 3*s**2 + 3*s - 16. Calculate f(d).
3
Let i(c) = -c**3 + 3*c**2 - 2. Let u be i(2). Let m(j) = j**3 - j**2 - 3*j + 3. Calculate m(u).
1
Let c(l) = -l**3 + 3*l + 1. Let s be c(-2). Let w(b) = 2*b**2 + 2*b**2 + 8*b - 2*b - b**s - 3 - b**2. What is w(4)?
5
Let q(n) = n. Suppose -5*f + 5 = -0*f. Let w(o) = o**3 - 3*o**2 + o - 3. Let v(i) = f*w(i) + q(i). Let x = 4 + -2. Calculate v(x).
-3
Let v(f) = f**2 + 2 - 9*f**3 + 2*f**2 - 3 - 4*f**2 - f. What is v(-1)?
8
Let m(g) = 0 - g**2 + 6 - 3*g + 1 + 1. Determine m(-6).
-10
Let f(y) = -11*y**2 - 3*y - 8. Let u(b) = 5*b**2 + b + 4. Let c(o) = -4*f(o) - 9*u(o). Let s = 5 + -1. Calculate c(s).
-8
Let w(p) = -10*p + 1. Let a(r) = -2*r - 17. Let l be a(-9). Give w(l).
-9
Suppose -3 = -3*r - 0. Suppose 5*o - 4 = r. Let x(c) = -c + 13*c**2 - 8*c**2 - 4*c**2. What is x(o)?
0
Let x(f) = -140 + 5*f + 69 + 71 - 2*f**2. Give x(4).
-12
Let u be (-4)/(-6)*-2*3. Let s(r) = -r + 4. Let o(g) = 3*g + 8. Let m(h) = -8*h - 23. Let t(p) = -4*m(p) - 11*o(p). Let b(q) = -3*s(q) + 4*t(q). Give b(u).
8
Suppose 12*z + 19 - 79 = 0. Let v(u) = -11*u - 1. Suppose 2*o - 15 = 11. Let b(r) = 5*r + 1. Let k(m) = o*b(m) + 6*v(m). What is k(z)?
2
Let n(l) = 2*l**2 + 7*l + 6. Suppose -3*i + 4 = k + 2, -5*i = 2*k - 4. Let a(h) = -3 + 0 - 1 + h + i. Let z be a(0). Determine n(z).
10
Let i(o) = 7*o**3 - o**2 + o. Suppose -m + 5*m + 8 = 0. Let j be 1/(3/(-6)*m). Calculate i(j).
7
Let c(t) = t**3 + t - 6. Suppose -5*q + 5 + 0 = 0. Suppose 14 + q = 3*p. Suppose -p*k + 3*k = 0. Give c(k).
-6
Let t = -3 - 1. Let v = t - -5. Let r(j) = 2*j - 2*j**3 - v - 2*j - 2*j. Determine r(-1).
3
Let b(f) = -2*f + 1 + f + f + f. What is b(-5)?
-4
Let w(b) = 0*b + 3 - b + 1. Let g = -4 - -4. Calculate w(g).
4
Let j(z) = 6 - 4 - 5 - z + 0. What is j(-4)?
1
Let m = -9 - -7. Let z(j) = -j**3 + 1 - 1. Calculate z(m).
8
Let w(q) = -q + 8. Let y(v) = v**3 - 3*v**2 - 2*v + 6. Let f be y(3). What is w(f)?
8
Let u(q) = q**2 - q - 1. Let m(h) = -2*h**2 + 3*h + 3. Let w(v) = -m(v) - u(v). What is w(5)?
13
Let v(y) = 9*y - 1. Let m(h) = -17*h + 2. Let r(x) = -3*m(x) - 5*v(x). Let d(a) = 2*a**2 - 3*a. Let n be d(2). Determine r(n).
11
Let x(s) = 2*s**2 + 2*s - 2. Suppose 0*q + 2*q = 0. Suppose 0 = 2*w - 4*h - 4, -3*w - 12 = -q*h + 3*h. Determine x(w).
2
Let m(n) = n**3 + 6*n**2. Suppose 4*g = 4*y - 32, -3*y + 2*g = 2*y - 25. Suppose -32 + 14 = y*p. Determine m(p).
0
Suppose -3*r - 2*r = 0. Let a(h) be the second derivative of h**2 + r + h + 1/6*h**3. Calculate a(4).
6
Suppose -5*i = -5*h - 45, i = -3*h + h + 9. Let v(s) = 3 - i*s - 3*s**2 + 9*s + s**3. Determine v(3).
3
Let i(b) = -8*b + 0*b + 5*b. Let t(n) = -n. Let p(d) = -i(d) + 4*t(d). Let r = -9 + 15. Determine p(r).
-6
Let h(n) = 5*n + 8. Let a(t) = t - 29. Let q be a(23). Determine h(q).
-22
Let g(b) = -3*b**2 - 5*b + 5. Let d(i) = 6*i**2 + 11*i - 11. Let n(w) = -6*d(w) - 13*g(w). Give n(1).
3
Let j(q) be the second derivative of -q**3/3 - 2*q. Let p be (-2 - (-8)/6)*3. Calculate j(p).
4
Let l(x) = x**3 - 7*x**2 - 9*x - 6. Let q = -137 + 145. Calculate l(q).
-14
Let y(m) = 1. Let k(q) = q + 7. Let j(i) = k(i) - 3*y(i). Calculate j(4).
8
Suppose l - 13 = -4*b, 0 = b - 4. Suppose i = -0*i + 3. Let h(w) = 3*w - 4*w + i*w. What is h(l)?
-6
Suppose -5*x = -3*z - 23, 4*x = -2*z - 8 + 22. Let p(f) be the third derivative of -f**6/20 + f**3/6 - f**2. Calculate p(z).
7
Let h(n) = -n**3 + 6*n**2 + 6 + n + 1 - 2. Suppose 6 = 31*t - 30*t. Give h(t).
11
Let g(d) be the first derivative of -d**2/2 + 6*d - 9. What is g(-5)?
11
Let x(k) be the third derivative of -k**8/20160 - k**7/1008 - k**6/240 - k**5/60 - k**2. Let v(q) be the third derivative of x(q). Calculate v(-3).
3
Suppose 2*w - w + 1 = 0. Let v(p) be the third derivative of 0*p + 0*p**3 - 7/60*p**5 - 1/24*p**4 + 0 - 3*p**2. Give v(w).
-6
Let b(x) be the first derivative of -x**3/3 - 2*x**2 + 2*x + 13. Determine b(-5).
-3
Let d(z) = 2*z + 5 + 2*z - 3. Let w(y) = 1650 + 0*y - 3*y